t w(z) = 3*z**2 + 13*z + 12. Let x(i) = -2*h(i) + 9*w(i). Let j be 3/6 + 105/(-10). List the prime factors of x(j).
2
Let j be (-1 - 3)/4*16. Let z = 18 + j. Suppose d + 43 = z*d. What are the prime factors of d?
43
Suppose -216*w - 27396 = -225*w. What are the prime factors of w?
2, 761
Suppose -5*z + 4*v = -9, 2*v = z + 4*v - 13. Suppose z*s - 564 = -79. List the prime factors of s.
97
Suppose i + 20 = 6*i. Let o be (1 + -2)*(28 - i). What are the prime factors of (-2 + 1)/(6/o)?
2
Let r(k) = -k**2 + 5*k - 1. Let z(q) be the third derivative of q**5/30 - q**4/6 - 5*q**2. Let p(c) = -3*r(c) - 2*z(c). What are the prime factors of p(-5)?
13
Let p be 3/5 + (-5152)/70. Let x = p + 116. Suppose 2*k + 60 = v, k - x - 152 = -4*v. What are the prime factors of v?
2, 5
What are the prime factors of (18/(-12))/((-33)/14762)?
11, 61
Let w(x) be the second derivative of x**5/20 - 2*x**4/3 + 2*x**3 - x**2 + 15*x. List the prime factors of w(7).
3, 11
Let g = -697 - -2426. What are the prime factors of g?
7, 13, 19
Let n(t) = -3*t - 2*t + 7*t + 0*t + 10. Let b be n(-5). Suppose 5*v + 5*u - 15 = 0, b = -2*v + 2*u + 16 + 10. List the prime factors of v.
2
Let u(x) = -x**2 - 22*x - 20. Let b be u(-19). Let o = 7 + b. What are the prime factors of o?
2, 11
Suppose -3*n = r + 1943 - 6624, -5*n - 2*r + 7800 = 0. List the prime factors of n.
2, 11, 71
Suppose 10*g - 5*g = 0. Suppose -3*r - 25 = 2*f + 10, g = -4*r - 4*f - 40. What are the prime factors of (70/r)/((-2)/15)?
5, 7
Suppose -3 = t, 3*o + t + 28 = -2*o. Let n(c) be the third derivative of c**6/120 + c**5/10 - 2*c**3/3 - 2*c**2. What are the prime factors of n(o)?
3, 7
Suppose 4323 = 28*k - 24209. What are the prime factors of k?
1019
Suppose -220*z = -187*z - 24519. What are the prime factors of z?
743
Let k be (-76)/2 + 6 + -8. Let o = k + 166. Suppose 5*d = 139 + o. List the prime factors of d.
53
Let i(x) = x**3 + 8*x**2 - 6*x + 11. List the prime factors of i(8).
3, 7, 47
Let d(s) = 340*s**2 - 7*s - 30. What are the prime factors of d(-3)?
3, 113
Let f = -2952 - -5209. List the prime factors of f.
37, 61
Suppose -3*q + 57 = -3*t, 4*t = -3*q + 16 + 27. Let a = -14 + q. Suppose -4*k + k + 20 = -2*f, a*f + 15 = 2*k. What are the prime factors of k?
2, 3
Let v(n) = -4*n - 19. What are the prime factors of v(-41)?
5, 29
Suppose -6 = -3*w + g, w = 2*w + 2*g - 9. Suppose c - w*c = 66. Let l = c - -86. List the prime factors of l.
53
Suppose -2*n = -2*w + 48, -54 = 2*n + 5*w - 6. List the prime factors of 3/(n/(-548)) + 2/4.
3, 23
Let m be -1 + (-1 - -1 - -42). Let s(p) = 5*p**2 - 72*p - 65. Let c be s(15). Let d = m + c. List the prime factors of d.
3, 7
Suppose 18*a = 21*a - 75. Suppose l - a = 78. What are the prime factors of l?
103
Let d(c) = 223*c - 78. What are the prime factors of d(4)?
2, 11, 37
Suppose 16146 = 102*o - 96*o. What are the prime factors of o?
3, 13, 23
Suppose -5*w - 377 = -1297. Suppose 2*n - w = 168. List the prime factors of n.
2, 11
Let o = 48 + -19. Suppose o*m - 25*m = 108. List the prime factors of m.
3
Suppose 4*c - 274 = 6. Let j(v) = v**3 + 15*v**2 - 36*v - 19. Let n be j(-17). Suppose 5*a - n = c. List the prime factors of a.
17
Suppose 2959 = 16*f - 1649. List the prime factors of f.
2, 3
List the prime factors of (-10512)/(-64) + 1/(-4).
2, 41
Suppose 14 = -3*x + 20. Suppose -2*y - x*y = -100. Suppose -j + y + 14 = 0. List the prime factors of j.
3, 13
Suppose -2*s - 4*m + 150 = 0, m + 40 - 43 = 0. List the prime factors of s.
3, 23
Let n(z) = 7*z - 13. Let x be n(-5). What are the prime factors of -1*(-1)/((-1)/x)?
2, 3
Suppose -5*f = -3*x - 5879, -4*f + 38*x + 4687 = 41*x. What are the prime factors of f?
2, 587
Suppose -63536 = -70*p + 48954. List the prime factors of p.
1607
Let z = 28 - 50. Let n = -37 - z. What are the prime factors of (-160)/n - (-1)/3?
11
Let w = 4 + -4. Suppose -3*f + o - 18 = -w*o, 30 = -5*f - 2*o. List the prime factors of 21/(-14)*124/f.
31
Suppose 5*g - 26856 = -31*g. List the prime factors of g.
2, 373
List the prime factors of 20/8*(239 - (-3 - 0)).
5, 11
Let v = -24 - -51. Suppose -v = -2*y + 17. What are the prime factors of y?
2, 11
Let b(d) = d**3 + 16*d**2 + 15*d + 22. List the prime factors of b(-12).
2, 11, 19
Let s(k) = 7*k - 36. Let y be s(4). List the prime factors of (1 + 184)*y*(-1)/10.
2, 37
List the prime factors of 1091 + -2 + 120/(-15).
23, 47
Let i(k) = k**3 - 14*k**2 + 4. Suppose 3*u - 2*u - 44 = -3*n, 2*n - 4*u = 20. Let v be i(n). List the prime factors of 4 - (3 + v) - -19.
2
Let i = 8 + -4. Suppose -94 = -i*a + 102. Suppose 79 + a = 4*c. List the prime factors of c.
2
Let t(w) = -5*w + 22. Let j be t(9). Let z = 34 + j. Let o(v) = 4*v + 22. List the prime factors of o(z).
2, 3, 11
Let x(k) = 5*k + 44. Let o be x(-7). Suppose -8*d = -o*d + 49. What are the prime factors of d?
7
Suppose -6 = -10*q + 7*q. Suppose -8*i + q*i + 216 = 0. List the prime factors of i.
2, 3
Let r(v) = -32*v**2 + v + 58*v**2 - 27*v**2 + 1 + 5*v**3. What are the prime factors of r(2)?
3, 13
Let g(m) = m**2 - m + 7. Let l be 51/17 - 1*-1. Suppose c - 3*j - l = 3, -c - 3*j + 1 = 0. What are the prime factors of g(c)?
19
What are the prime factors of ((-11)/(-7))/(-5*(-2)/70)?
11
Suppose 0 = -15*d + 10*d + 3550. What are the prime factors of d?
2, 5, 71
Suppose -18*v = -17*v - 137. List the prime factors of v.
137
Suppose 45*j = 5474 - 164. What are the prime factors of j?
2, 59
Suppose -20*f + 25*f = 120. Suppose f*q - 28*q + 252 = 0. List the prime factors of q.
3, 7
Suppose -h - 2*h + 5*x + 2 = 0, -28 = -2*h - 2*x. Let q = 0 - h. What are the prime factors of (q/1)/((-6)/16)?
2, 3
Suppose -4*l - 5*w + 765 = 0, 720 = -11*l + 15*l - 4*w. List the prime factors of l.
5, 37
Let t = 56 + 276. List the prime factors of t.
2, 83
Suppose -p - 3*j - 29 = 0, 2*p + 3*j + 0*j = -43. List the prime factors of 0 + -1 + (1 + -1 - p).
13
Suppose 0 = 9*n - 6662 - 6244. What are the prime factors of n?
2, 3, 239
Let z(t) = t**2 - 10*t - 6. Suppose -48 = -3*x - 3*p, 3*x - 7*x - p + 49 = 0. What are the prime factors of z(x)?
5
Let b = 43 + -87. Let d = b - -183. List the prime factors of d.
139
Let t(w) = -9*w - 19. Let d(x) = -8*x - 20. Let v(h) = 4*d(h) - 3*t(h). What are the prime factors of v(-12)?
37
Let n = 4463 + -2468. Suppose 339 = -2*j + n. What are the prime factors of (j/(-27))/((-4)/6)?
2, 23
Let k(j) = 3*j - 19. Let u be k(9). Let l(m) = 11*m - 7*m - u*m - 3*m + 3. What are the prime factors of l(-4)?
31
Suppose 0 = -30*x + 27*x + 3*h + 1230, -8 = 4*h. What are the prime factors of x?
2, 3, 17
Let z = 1321 + -857. Suppose -5*u = 3*u - z. List the prime factors of u.
2, 29
Let d(s) = -s**2 + 7*s - 4. Let z be d(6). Suppose z = -3*l - 2*j, 2*j + 2 = 3*l - 0*j. List the prime factors of (0 - (l + -23)) + -2.
3, 7
Let r = 7593 + -5176. What are the prime factors of r?
2417
Let w(g) = 29*g + 6. Suppose 4*n = -3*n + 14. List the prime factors of w(n).
2
Let u be 10 + 1 + -2 + -1 + -1. Suppose -114 = -2*a + 4*j, -2*a + u*a + 4*j = 243. What are the prime factors of a?
3, 17
Suppose 2*q = -2*u - 8 - 36, 2*u + 47 = q. What are the prime factors of (-1)/((5 - 4)/u)?
23
Let x(j) = -j**3 + j**2 - j - 2. Let a be x(0). Let g be 1*(-2 - (-4 - a)). Suppose 3*l - 7*l + 44 = g. List the prime factors of l.
11
Suppose 131*m - 135*m - 744 = 0. Let g = m + 373. List the prime factors of g.
11, 17
Let q(d) = 2*d + 6. Let j(n) = n**2 - 9*n + 18. Let w be j(7). List the prime factors of q(w).
2, 7
Let r = -2 + 4. Let s(p) = -r + p**2 - 4 + 0*p**2 + 8. List the prime factors of s(3).
11
Suppose -335*h + 343*h = 6744. What are the prime factors of h?
3, 281
What are the prime factors of 56/(-8)*680/(-35)?
2, 17
Let i(d) = -7*d**3 - 4*d**2 + 6*d - 8. List the prime factors of i(-5).
11, 67
Suppose 10*g + 120 = 2*f + 8*g, -3*f + 4*g = -182. What are the prime factors of f?
2, 29
Let g = -31 + 33. What are the prime factors of (-538)/(-6) - 2*g/(-12)?
2, 3, 5
Suppose -4*g = -3*j - 1140, 0*j + 2*g = 5*j + 1900. Let i = -270 - j. List the prime factors of i.
2, 5, 11
Let f(v) = 7*v**2 + 12*v - 12. Let a be f(6). Suppose 4*g = 392 + a. List the prime factors of g.
2, 11
Let m = -118 - -802. What are the prime factors of m?
2, 3, 19
Let k(f) = -5*f - 9. Let t(l) = -6*l - 8. L